y 5051.
5047
What is the remainder when 534275 is divided by 2000?
275
Calculate the remainder when 2178632 is divided by 1648.
1624
Calculate the remainder when 176505 is divided by 19507.
942
What is the remainder when 16811499 is divided by 161649?
3
What is the remainder when 274709 is divided by 21?
8
What is the remainder when 6439590 is divided by 14215?
195
What is the remainder when 28663693 is divided by 356?
353
What is the remainder when 7217 is divided by 698?
237
What is the remainder when 91747948 is divided by 10367?
10365
What is the remainder when 255706 is divided by 1175?
731
Calculate the remainder when 66015780 is divided by 334.
12
What is the remainder when 1253429 is divided by 549?
62
What is the remainder when 386855 is divided by 15302?
4305
Calculate the remainder when 1822825 is divided by 916.
901
Calculate the remainder when 9069500 is divided by 4254.
4226
Calculate the remainder when 367993 is divided by 6571.
17
What is the remainder when 32035 is divided by 7983?
103
What is the remainder when 32752 is divided by 32643?
109
What is the remainder when 361854 is divided by 90451?
50
What is the remainder when 6825051 is divided by 3461?
3420
Calculate the remainder when 4678824 is divided by 932.
184
Calculate the remainder when 26952 is divided by 8376.
1824
What is the remainder when 4180 is divided by 360?
220
Calculate the remainder when 131923 is divided by 1270.
1113
What is the remainder when 514828 is divided by 5531?
445
Calculate the remainder when 19306 is divided by 5798.
1912
What is the remainder when 396873 is divided by 281?
101
Calculate the remainder when 3545 is divided by 2130.
1415
What is the remainder when 151847990 is divided by 30369597?
5
Calculate the remainder when 275622 is divided by 45928.
54
Calculate the remainder when 2092912 is divided by 110153.
5
Calculate the remainder when 1015447 is divided by 1550.
197
What is the remainder when 728141 is divided by 90963?
437
What is the remainder when 139122491 is divided by 68?
67
Calculate the remainder when 458409 is divided by 83.
0
What is the remainder when 66550 is divided by 9597?
8968
Calculate the remainder when 1918068 is divided by 127798.
1098
Calculate the remainder when 2506246 is divided by 2506206.
40
Calculate the remainder when 174396521 is divided by 3865.
3856
What is the remainder when 1024947 is divided by 2863?
2856
Calculate the remainder when 15128 is divided by 7504.
120
Calculate the remainder when 8628830 is divided by 8628821.
9
Calculate the remainder when 4101568 is divided by 270.
268
What is the remainder when 26178721 is divided by 43414?
79
What is the remainder when 230229 is divided by 5519?
3950
What is the remainder when 2422239 is divided by 263?
9
Calculate the remainder when 24112842 is divided by 2009403.
6
What is the remainder when 10445695 is divided by 8?
7
Calculate the remainder when 6082937 is divided by 184326.
179
What is the remainder when 8464313 is divided by 47?
36
Calculate the remainder when 36877510 is divided by 12.
10
Calculate the remainder when 120597 is divided by 10043.
81
What is the remainder when 60652 is divided by 1680?
172
Calculate the remainder when 951142 is divided by 15332.
558
What is the remainder when 193623 is divided by 1318?
1195
What is the remainder when 124115 is divided by 62048?
19
Calculate the remainder when 277815 is divided by 90882.
5169
Calculate the remainder when 186932 is divided by 37203.
917
Calculate the remainder when 5182432 is divided by 12.
4
What is the remainder when 24280167 is divided by 42153?
39
Calculate the remainder when 203363 is divided by 1929.
818
What is the remainder when 23980281 is divided by 2398022?
61
Calculate the remainder when 562639 is divided by 80369.
56
What is the remainder when 570556 is divided by 189936?
748
Calculate the remainder when 19680 is divided by 133.
129
Calculate the remainder when 182331 is divided by 7326.
6507
What is the remainder when 576283 is divided by 2486?
2017
What is the remainder when 100784 is divided by 49801?
1182
What is the remainder when 9517528 is divided by 96?
88
What is the remainder when 363587 is divided by 889?
875
What is the remainder when 16720413 is divided by 152003?
83
What is the remainder when 613490968 is divided by 6283?
6282
Calculate the remainder when 725799 is divided by 15.
9
Calculate the remainder when 524181 is divided by 104829.
36
What is the remainder when 2080498 is divided by 20199?
1
What is the remainder when 32355306 is divided by 58?
6
Calculate the remainder when 127124 is divided by 2522.
1024
Calculate the remainder when 60686 is divided by 56784.
3902
What is the remainder when 89345533 is divided by 1028?
1025
What is the remainder when 14740 is divided by 4898?
46
Calculate the remainder when 1378158 is divided by 47507.
455
Calculate the remainder when 1927455 is divided by 1679.
1642
What is the remainder when 70378462 is divided by 295?
17
What is the remainder when 239197 is divided by 239170?
27
What is the remainder when 2262955 is divided by 1481?
1468
What is the remainder when 9507953 is divided by 385?
378
Calculate the remainder when 10669190 is divided by 1216.
6
What is the remainder when 2565294 is divided by 285027?
51
What is the remainder when 6032496 is divided by 603240?
96
Calculate the remainder when 300794 is divided by 99966.
896
Calculate the remainder when 725151 is divided by 1777.
135
What is the remainder when 944971 is divided by 36?
7
What is the remainder when 584938 is divided by 1185?
733
Calculate the remainder when 36459 is divided by 2016.
171
Calculate the remainder when 649486 is divided by 411.
106
Calculate the remainder when 90218538 is divided by 1529127.
45
Calculate the remainder when 252784 is divided by 2237.
3
What is the remainder when 7203090 is divided by 52?
50
What is the remainder when 219537 is divided by 24374?
171
Calculate the remainder when 2396835 is divided by 1757.
287
Calculate the remainder when 672407 is divided by 671403.
1004
What is the remainder when 869225 is divided by 2166?
659
What is the remainder when 312249 is divided by 2358?
993
Calculate the remainder when 229905 is divided by 27998.
5921
Calculate the remainder when 442209 is divided by 147236.
501
What is the remainder when 442479100 is divided by 517?
514
Calculate the remainder when 88892568 is divided by 10.
8
Calculate the remainder when 1322028 is divided by 146885.
63
What is the remainder when 5322558 is divided by 484?
10
Calculate the remainder when 99753 is divided by 554.
33
What is the remainder when 1737872 is divided by 2109?
56
What is the remainder when 70031 is divided by 4604?
971
Calculate the remainder when 544517 is divided by 136126.
13
What is the remainder when 396006 is divided by 848?
838
What is the remainder when 57947 is divided by 28780?
387
What is the remainder when 11261919 is divided by 28?
11
Calculate the remainder when 1110120 is divided by 21.
18
What is the remainder when 767559 is divided by 1665?
1659
What is the remainder when 119016 is divided by 9936?
9720
What is the remainder when 54687770 is divided by 6?
2
What is the remainder when 23393163 is divided by 642?
609
Calculate the remainder when 14752029 is divided by 126.
75
Calculate the remainder when 3992686 is divided by 998171.
2
What is the remainder when 24468543 is divided by 2337?
153
What is the remainder when 1606288 is divided by 267?
16
What is the remainder when 4947450 is divided by 405?
375
Calculate the remainder when 37705659 is divided by 80.
59
Calculate the remainder when 37162811 is divided by 12387569.
104
Calculate the remainder when 69747733 is divided by 2405094.
7
Calculate the remainder when 7464054 is divided by 7464023.
31
What is the remainder when 232848 is divided by 38791?
102
What is the remainder when 927422 is divided by 132485?
27
What is the remainder when 94837843 is divided by 38?
27
What is the remainder when 390786 is divided by 9528?
138
Calculate the remainder when 1188707 is divided by 913.
894
What is the remainder when 446325 is divided by 1941?
1836
What is the remainder when 14444500 is divided by 48?
4
Calculate the remainder when 230075 is divided by 11